t w(d) = -3*d**3 - 14*d**2 + 19*d - 13. Is w(v) a composite number?
False
Let p be (9 - 1)*(6/(-4) - -2). Is (-1)/((-4)/4123) - (-1)/p composite?
False
Let q(z) = 5*z**2 + 30*z + 33*z - 38 - 18*z. Let n(x) = -2*x**2 - 15*x + 13. Let r(g) = -7*n(g) - 2*q(g). Is r(-12) a composite number?
True
Suppose -505*w + 511*w = 141978. Is w prime?
True
Suppose -5*k = 2*q + 3, 8 = -2*q + 3*k + 29. Suppose -o + q = o. Suppose 409 = o*s - 74. Is s prime?
False
Suppose -5*s + 3*s + 2942 = -5*p, 5*s = p + 7355. Is s a composite number?
False
Suppose j + w = 733, -5*j = 3*w + w - 3665. Is j a prime number?
True
Let i(z) = -z**2 - z - 5. Let r be i(0). Is r/(5/(-4537)) - (-2 + 4) composite?
True
Let o be (7/2)/((-5)/(-10)). Let u(h) = 7*h + 4. Let s be u(o). Suppose 2*z - s = 111. Is z composite?
True
Let r be 24 + (3 + -2)*-2. Suppose r*t - 5245 = 17*t. Is t a composite number?
False
Let j(g) = -g**3 + 10*g**2 - 10*g + 12. Let i be j(9). Let l be (1 + 3 - i)*530. Suppose 5*b + l = 7*b. Is b composite?
True
Let u be (1272/10)/(75/500). Suppose -2*w - 845 = -295. Let s = w + u. Is s prime?
False
Let t be 0*(30/9 + -3). Suppose t*q = 5*c + 5*q - 940, 3*c - 4*q - 536 = 0. Let f = -95 + c. Is f a composite number?
False
Let i(m) = -21*m + 25. Let c be i(-12). Let x = 652 + c. Is x composite?
False
Let o(y) = 9632*y - 911. Is o(5) a composite number?
True
Let l = -17 + 23. Let p(c) = c**2 + 5*c - 6. Let q be p(-6). Suppose q = -j + 15 + l. Is j a prime number?
False
Let d be -3 + (-3 - 0/4). Is (d/(-9))/(-2 + 2364/1179) composite?
False
Let m be (-4)/(-6) - 4/(-3). Suppose 2*j - 371 = -5*x, -13 = 3*x + 3*j - 241. Suppose 2*d + 0 = a + x, -24 = -d - m*a. Is d a prime number?
False
Let t = 144 - 145. Is -1 + (-1)/t + (-5835)/(-5) prime?
False
Is (1 - 2 - -9488) + (-3 - -7) a prime number?
True
Suppose 2*a + 1 = 7. Suppose -a*r + 756 = -i, -161 = 4*r + 4*i - 1153. Is r a composite number?
False
Let s be 9 - (-2 - -1 - -4). Suppose 0*h + s = -2*h. Is (-4)/(-6) - 10/h composite?
True
Let f = -10 - -7. Let k be f/15 + 2432/10. Let d = k + -110. Is d prime?
False
Suppose -3*t - 2 = 3*y + 2*t, 2*y = -2*t + 4. Let o(x) = x**2 - 2*x**2 - 2*x + y*x**3 - 3 - 4*x**3. Is o(6) prime?
False
Let d(m) = -2*m**3 - 14*m**2 - 2*m + 11. Let t(l) = l**3 + l**2. Let j(h) = 3*h. Let b be j(1). Let s(z) = b*t(z) + d(z). Is s(12) a prime number?
True
Let w = -11945 + 23194. Is w a prime number?
False
Suppose 5*j - 3*z = 6, 2*j - 3*z + 3 = -0. Is 1 + 305 + 3/j prime?
True
Let g(l) = -692*l - 9. Is g(-1) composite?
False
Suppose 13 - 1 = 3*q. Suppose 9*a = q*a + 595. Is a a prime number?
False
Suppose -5*c + 81 = 566. Let z be (-119 - 1)/(13/((-936)/27)). Let v = c + z. Is v composite?
False
Let m = -5703 + 11700. Is m a composite number?
True
Let s(c) = -855*c + 13. Let r(p) = 3421*p - 51. Let k(y) = 2*r(y) + 9*s(y). Is k(-2) composite?
False
Suppose -2*y = -3*y + 2. Suppose -y*s - s + c + 1469 = 0, 0 = -5*s - 3*c + 2439. Is s prime?
False
Let b be ((-24)/(-20))/((-21)/(-70)). Suppose b*j = 3*m - j - 7499, -2*j = -m + 2499. Is m prime?
True
Let r(n) = -24*n + 7. Let j(c) = -50*c + 27 - 30*c - 17*c. Let w(a) = 2*j(a) - 9*r(a). Is w(8) a prime number?
True
Suppose -20 = -5*c - 0*c. Suppose 1365 = 9*z - c*z. Suppose 2*j - 648 = 5*l, -z = -j + l + 48. Is j composite?
True
Is (-3 + 0)*((-37232)/24 + 11) composite?
False
Let w(g) = -798*g + 1. Let s(k) = -1596*k + 2. Let j(a) = 4*s(a) - 7*w(a). Is j(-1) a prime number?
False
Let m(k) = k + 10. Let t be m(-7). Suppose 2*j = -j - t*n + 1503, 3*j = 5*n + 1535. Is j composite?
True
Suppose 0*l - j = l - 6, -j + 18 = 5*l. Suppose 5*f - 6 = l*f. Suppose -f*i = -219 - 210. Is i a prime number?
False
Suppose 4*q + 2 - 6 = 0, 4*d - 28 = 4*q. Let c be d*(0 + (-52)/(-1)). Let a = c + -289. Is a a composite number?
False
Let k(n) be the first derivative of -n**2/2 - 10*n - 3. Let p be k(-12). Suppose -225 = -r + p*j, 3*j = 3*r - 351 - 336. Is r prime?
True
Let y(o) = o**3 + 8*o**2 + 8*o + 9. Let i be y(-7). Suppose 30 = i*a + 10. Is a composite?
True
Let v = 382 - 826. Let k = v - -645. Is k a prime number?
False
Suppose 5*n - 124 = -9. Suppose 0*w + w = f + 1, 5*w + 4*f = n. Suppose -2*a + 63 = -w. Is a a composite number?
True
Let o(t) = t**3 + 10*t**2 - 5*t - 4. Let a be o(-8). Let v = -55 + a. Is v prime?
True
Suppose -178*d = -182*d + 25148. Is d a composite number?
False
Suppose -2*b + 3*z = -2386, 7*b - 6*b - 1193 = -4*z. Is b a composite number?
False
Suppose -12*x + 1232 = -2536. Is x a composite number?
True
Suppose -25*n - 198 = -28*n. Suppose -23 = -0*h - 4*h - 3*w, -5*h + 2*w = 0. Suppose 0*u + n = h*x + 2*u, -3*u - 66 = -2*x. Is x a composite number?
True
Suppose -5*c + 71299 = -0*p - 3*p, -4*p = -3*c + 42775. Is c a prime number?
False
Let t = -23779 - -44360. Is t composite?
True
Let x be 1 + (-617)/(-2) + 8/16. Let z = x + -216. Is z composite?
True
Let g be (2/4)/(19/114). Suppose -4*l + 0*z + 3*z + 283 = 0, -l + g*z = -82. Is l a composite number?
False
Let g = -2301 + 4738. Is g a composite number?
False
Let z = -9 + 7. Let l = 7 + z. Suppose -41 = -l*n + 204. Is n a prime number?
False
Let x(q) = -q**2 - 7*q - 8. Let z be x(-3). Suppose 4*d = -z*d + 8312. Is d a prime number?
True
Let f be (-44)/(-40)*4 - (-3)/5. Suppose 2*y = 4*l - 504, -4*l + 2*y = -f*l + 131. Is l a prime number?
True
Is 0 - 3 - -8*(-30556)/(-8) prime?
True
Let q = -7 - -4. Let o be -2*1*q/6. Is 17 - 10 - (1 - o) prime?
True
Suppose 3*m + 5*z - 12047 + 369 = 0, -2*m + 2*z + 7812 = 0. Is m composite?
True
Let t be -1 + 1 - (-8 + -1). Is ((-67)/3)/(12/t)*-4 a prime number?
True
Is (-181528)/(-72) - 24/108 composite?
False
Let c = 113 + -109. Suppose -p + x - 5*x + 3213 = 0, 0 = -c*p - x + 12792. Is p prime?
False
Suppose -2*j + 1287 = -5*h, -j = -h + 2*j - 247. Let z = 390 + h. Is z prime?
True
Suppose -6*b - 3*b + 16029 = 0. Is b a prime number?
False
Let b(m) = 302*m**3 - m**2 - 2*m + 2. Is b(1) a prime number?
False
Let y = -1262 + 4380. Let g = y - -331. Is g a prime number?
True
Let a(v) = 4*v + 15*v**2 + 14 - 6*v + 21*v**2 - 5*v. Is a(5) a composite number?
True
Suppose 14 = -4*s - 2. Suppose -x + 6*x + 80 = 0. Is (-1)/s + (-4012)/x a prime number?
True
Suppose 6*q - 1408 - 1586 = 0. Is q composite?
False
Suppose 2*q + 34554 = 5*s + q, -5*s + 2*q = -34553. Is s a composite number?
False
Suppose -121 - 4101 = -4*y - 3*m, 0 = 4*m + 8. Suppose -l - 2*t + t = -355, -t - y = -3*l. Is l a composite number?
False
Suppose 8935 = 6*n - 4019. Is n prime?
False
Suppose -48*t = -43*t - 15. Suppose t*f + 174 - 453 = 0. Is f a composite number?
True
Suppose -6*h + 16 + 8 = 0. Suppose -8*a = -h*a - 436. Is a a prime number?
True
Suppose -5*p - 177 = -3*i - 4338, 4*p - 4*i - 3332 = 0. Let a = -416 + p. Suppose 2*j - 87 + a = 2*n, n + 5*j - 182 = 0. Is n composite?
False
Suppose 5*t = 2*z + 2*t - 9443, 3*t + 4714 = z. Is z a prime number?
True
Let b = 42322 + 33765. Is b a composite number?
True
Is (4 - 516/132) + (-712820)/(-22) a prime number?
True
Let i(h) = 20*h**2 + 13*h + 14. Let j(o) = -10*o**2 - 7*o - 7. Let z(r) = 4*i(r) + 7*j(r). Is z(-8) prime?
False
Let a(z) = z**2 + z - 4. Let k be a(3). Let r(g) be the first derivative of 2*g**3/3 + g**2 + 5*g - 117. Is r(k) a composite number?
False
Suppose -3*z + 4 = -2*z, -3*c - 5*z + 6854 = 0. Let o = c - 641. Is o a prime number?
True
Let m = 872 + 763. Let y = m + -472. Is y a composite number?
False
Let c be (-2)/(6/(-3)) + 4. Suppose 4*r + 6*j = 4*j + 24, 33 = c*r + 4*j. Suppose -4*y - 764 = -4*t, 0 = r*y + 2 + 18. Is t composite?
True
Let g be 8/(-12)*(-18)/4. Suppose -2*c = 5*f - 2037, -g*f + 3*c + 1547 - 308 = 0. Is f a prime number?
True
Let b(l) = l + 4. Let w be b(-2). Suppose -4*a = -w*a. Suppose -u + a*u + 203 = 0. Is u composite?
True
Let b(c) = -c - c**3 + 2 + 6*c**2 - 2*c**2 - 8*c**2 - 5*c**3. Let t be b(-3). Suppose 5*q = 4*q + t. Is q a prime number?
True
Let g(i) = i**2 + 2*i + 1. Let m be g(-4). Suppose -d - 2 + m = 0. Suppose 3*v + 2*p = d + 8, 4*p = -2*v + 18. Is v composite?
False
Suppose 555 = t - 364. Is t prime?
True
Let k(j) be the third derivative of -1/6*j**3 + 5/6*j**4 + 13*j**2 + 0 + 0*j. Is k(4) composite?
False
Let s = -385 - -734. Let a = -203 + s. Is a prime?
False
Let g be (-1)/2 + (-14)/(-28).